 divided by 1455?
1450
What is the remainder when 906558 is divided by 2738?
280
What is the remainder when 468235 is divided by 5072?
1611
What is the remainder when 2226751 is divided by 20?
11
Calculate the remainder when 2978511 is divided by 539.
536
Calculate the remainder when 101951 is divided by 9052.
2379
What is the remainder when 87214341 is divided by 168?
165
What is the remainder when 1810288 is divided by 121?
7
What is the remainder when 4002280 is divided by 11274?
10
Calculate the remainder when 233104 is divided by 73.
15
Calculate the remainder when 48894415 is divided by 16298137.
4
What is the remainder when 4449098 is divided by 130?
108
What is the remainder when 185430 is divided by 2296?
1750
Calculate the remainder when 1435210 is divided by 16.
10
What is the remainder when 2298710 is divided by 145?
25
Calculate the remainder when 162361 is divided by 246.
1
What is the remainder when 10407524 is divided by 39126?
8
What is the remainder when 34953253 is divided by 281881?
9
What is the remainder when 82230 is divided by 70?
50
Calculate the remainder when 36593515 is divided by 2666.
2665
Calculate the remainder when 27212 is divided by 201.
77
Calculate the remainder when 315879 is divided by 26319.
51
What is the remainder when 30634 is divided by 5038?
406
What is the remainder when 436054 is divided by 217863?
328
Calculate the remainder when 4244492 is divided by 8680.
8652
Calculate the remainder when 272808 is divided by 68127.
300
Calculate the remainder when 62419 is divided by 1835.
29
What is the remainder when 259499 is divided by 308?
163
Calculate the remainder when 3093783 is divided by 193361.
7
Calculate the remainder when 65856 is divided by 2138.
1716
Calculate the remainder when 145138 is divided by 1667.
109
Calculate the remainder when 243936 is divided by 4180.
1496
Calculate the remainder when 204721 is divided by 7059.
10
Calculate the remainder when 70184859 is divided by 153242.
23
Calculate the remainder when 30206346 is divided by 974398.
8
Calculate the remainder when 31763294 is divided by 31763282.
12
Calculate the remainder when 454029 is divided by 6690.
5799
What is the remainder when 107414795 is divided by 80?
75
What is the remainder when 189524 is divided by 1035?
119
Calculate the remainder when 7545616 is divided by 1040.
416
Calculate the remainder when 1192822 is divided by 1510.
1432
What is the remainder when 98983 is divided by 19696?
503
What is the remainder when 193859 is divided by 10607?
2933
What is the remainder when 1796363 is divided by 6197?
5430
Calculate the remainder when 19364491 is divided by 102.
97
What is the remainder when 1652008 is divided by 5176?
864
What is the remainder when 12521362 is divided by 12?
10
Calculate the remainder when 421732 is divided by 419032.
2700
What is the remainder when 761774 is divided by 718?
694
What is the remainder when 770755 is divided by 2604?
2575
What is the remainder when 4426 is divided by 496?
458
What is the remainder when 229793 is divided by 114896?
1
Calculate the remainder when 14536829 is divided by 3038.
3037
What is the remainder when 8262250 is divided by 18?
16
Calculate the remainder when 558687 is divided by 865.
762
What is the remainder when 324566508 is divided by 226?
224
What is the remainder when 63106 is divided by 457?
40
Calculate the remainder when 1416937 is divided by 283387.
2
What is the remainder when 66905 is divided by 33280?
345
Calculate the remainder when 196772 is divided by 11333.
4111
Calculate the remainder when 1029013 is divided by 1028622.
391
What is the remainder when 797991 is divided by 26297?
9081
What is the remainder when 367148 is divided by 19?
11
What is the remainder when 8614651 is divided by 3739?
3734
What is the remainder when 2326001 is divided by 76?
21
Calculate the remainder when 1848775677 is divided by 48.
45
Calculate the remainder when 39897 is divided by 1210.
1177
What is the remainder when 842470 is divided by 842381?
89
Calculate the remainder when 2725962 is divided by 103.
67
Calculate the remainder when 4791837 is divided by 108905.
17
What is the remainder when 9331 is divided by 1784?
411
Calculate the remainder when 2958585 is divided by 493088.
57
Calculate the remainder when 1983057 is divided by 26798.
5
What is the remainder when 4160396 is divided by 13?
6
What is the remainder when 12332186 is divided by 97?
91
Calculate the remainder when 140387291 is divided by 612.
611
What is the remainder when 35266 is divided by 9446?
6928
What is the remainder when 190236 is divided by 23664?
924
What is the remainder when 140494 is divided by 56?
46
What is the remainder when 365523 is divided by 43?
23
Calculate the remainder when 1263486 is divided by 140387.
3
Calculate the remainder when 28078 is divided by 1714.
654
Calculate the remainder when 3195239 is divided by 278.
185
Calculate the remainder when 29241271 is divided by 138.
37
What is the remainder when 1631005 is divided by 60?
25
Calculate the remainder when 1053719 is divided by 3584.
23
Calculate the remainder when 66657135 is divided by 129.
126
What is the remainder when 1313873 is divided by 373?
167
What is the remainder when 2705137 is divided by 1281?
946
What is the remainder when 3253779 is divided by 2206?
2135
What is the remainder when 725567 is divided by 90677?
151
What is the remainder when 1786359 is divided by 27066?
3
Calculate the remainder when 79301 is divided by 2877.
1622
What is the remainder when 3011897 is divided by 10141?
20
Calculate the remainder when 6683998 is divided by 495.
13
What is the remainder when 1442789 is divided by 33552?
53
What is the remainder when 4318064 is divided by 616864?
16
What is the remainder when 11566104 is divided by 2724?
0
Calculate the remainder when 38452094 is divided by 328.
326
Calculate the remainder when 91308015 is divided by 2945419.
26
Calculate the remainder when 342657074 is divided by 7.
4
What is the remainder when 74869189 is divided by 23331?
10
What is the remainder when 24137966 is divided by 78?
8
What is the remainder when 99215 is divided by 14140?
235
Calculate the remainder when 105482911 is divided by 2419.
2416
What is the remainder when 4108814 is divided by 162?
8
What is the remainder when 941976 is divided by 36229?
22
What is the remainder when 125363 is divided by 1791?
1784
What is the remainder when 1829496 is divided by 228?
24
Calculate the remainder when 2379980 is divided by 656.
12
Calculate the remainder when 1762242 is divided by 1969.
1956
What is the remainder when 857649 is divided by 214408?
17
Calculate the remainder when 1419237 is divided by 295.
287
What is the remainder when 523020 is divided by 2248?
1484
What is the remainder when 4623060 is divided by 143?
13
What is the remainder when 4360427 is divided by 35?
22
What is the remainder when 114625 is divided by 6361?
127
Calculate the remainder when 69061 is divided by 68495.
566
Calculate the remainder when 9628 is divided by 9548.
80
What is the remainder when 62089 is divided by 61901?
188
What is the remainder when 36308 is divided by 1857?
1025
What is the remainder when 1799794 is divided by 32718?
304
Calculate the remainder when 367916 is divided by 1269.
1175
What is the remainder when 2677 is divided by 595?
297
Calculate the remainder when 25606627 is divided by 318.
313
Calculate the remainder when 4999503 is divided by 6009.
15
What is the remainder when 67534128 is divided by 38?
34
Calculate the remainder when 334005996 is divided by 137.
133
What is the remainder when 144496 is divided by 640?
496
What is the remainder when 6939112 is divided by 61?
57
Calculate the remainder when 26552 is divided by 4415.
62
What is the remainder when 1067876 is divided by 57?
38
What is the remainder when 4718706 is divided by 41391?
132
What is the remainder when 2985977 is divided by 184?
25
Calculate the remainder when 278757 is divided by 3670.
3507
Calculate the remainder when 18979 is divided by 2700.
79
What is the remainder when 60745 is divided by 15135?
205
Calculate the remainder when 1167154 is divided by 2293.
17
What is the remainder when 737630764 is divided by 9?
7
What is the remainder when